{"id":3261,"date":"2025-01-03T20:20:22","date_gmt":"2025-01-03T20:20:22","guid":{"rendered":"https:\/\/hoteldistrib.al\/?post_type=product&#038;p=3261"},"modified":"2025-01-03T20:20:22","modified_gmt":"2025-01-03T20:20:22","slug":"peshqir-trupi-140x70-cm-pesha-600g","status":"publish","type":"product","link":"https:\/\/hoteldistrib.al\/?product=peshqir-trupi-140x70-cm-pesha-600g","title":{"rendered":"Peshqir trupi 140&#215;70 cm, pesha 600g"},"content":{"rendered":"<p>Peshqir trupi me tekstur\u00eb t\u00eb but\u00eb dhe cil\u00ebsi t\u00eb lart\u00eb p\u00ebr p\u00ebrdorim hotelerie.<\/p>\n","protected":false},"excerpt":{"rendered":"<p>Peshqir trupi me tekstur\u00eb t\u00eb but\u00eb dhe cil\u00ebsi t\u00eb lart\u00eb p\u00ebr p\u00ebrdorim hotelerie.<\/p>\n","protected":false},"featured_media":3262,"comment_status":"open","ping_status":"closed","template":"","meta":[],"product_brand":[],"product_cat":[80,79],"product_tag":[95,93],"class_list":{"0":"post-3261","1":"product","2":"type-product","3":"status-publish","4":"has-post-thumbnail","6":"product_cat-peshqire","7":"product_cat-tekstile-per-hotel","8":"product_tag-pesha-600g","9":"product_tag-peshqir-trupi-140x70-cm","11":"first","12":"instock","13":"shipping-taxable","14":"product-type-simple"},"_links":{"self":[{"href":"https:\/\/hoteldistrib.al\/index.php?rest_route=\/wp\/v2\/product\/3261","targetHints":{"allow":["GET"]}}],"collection":[{"href":"https:\/\/hoteldistrib.al\/index.php?rest_route=\/wp\/v2\/product"}],"about":[{"href":"https:\/\/hoteldistrib.al\/index.php?rest_route=\/wp\/v2\/types\/product"}],"replies":[{"embeddable":true,"href":"https:\/\/hoteldistrib.al\/index.php?rest_route=%2Fwp%2Fv2%2Fcomments&post=3261"}],"wp:featuredmedia":[{"embeddable":true,"href":"https:\/\/hoteldistrib.al\/index.php?rest_route=\/wp\/v2\/media\/3262"}],"wp:attachment":[{"href":"https:\/\/hoteldistrib.al\/index.php?rest_route=%2Fwp%2Fv2%2Fmedia&parent=3261"}],"wp:term":[{"taxonomy":"product_brand","embeddable":true,"href":"https:\/\/hoteldistrib.al\/index.php?rest_route=%2Fwp%2Fv2%2Fproduct_brand&post=3261"},{"taxonomy":"product_cat","embeddable":true,"href":"https:\/\/hoteldistrib.al\/index.php?rest_route=%2Fwp%2Fv2%2Fproduct_cat&post=3261"},{"taxonomy":"product_tag","embeddable":true,"href":"https:\/\/hoteldistrib.al\/index.php?rest_route=%2Fwp%2Fv2%2Fproduct_tag&post=3261"}],"curies":[{"name":"wp","href":"https:\/\/api.w.org\/{rel}","templated":true}]}}