{"id":3280,"date":"2025-01-05T12:19:28","date_gmt":"2025-01-05T12:19:28","guid":{"rendered":"https:\/\/hoteldistrib.al\/?post_type=product&#038;p=3280"},"modified":"2025-01-05T12:39:51","modified_gmt":"2025-01-05T12:39:51","slug":"set-carcafesh-model-te-ndryshem-tek-dhe-dopjo","status":"publish","type":"product","link":"https:\/\/hoteldistrib.al\/?product=set-carcafesh-model-te-ndryshem-tek-dhe-dopjo","title":{"rendered":"Set \u00e7ar\u00e7af\u00ebsh model t\u00eb ndrysh\u00ebm (tek dhe dopjo)"},"content":{"rendered":"<p>Set \u00e7ar\u00e7af\u00ebsh cil\u00ebsor p\u00ebr dhoma hoteli, n\u00eb p\u00ebrmasa t\u00eb ndryshme.<\/p>\n","protected":false},"excerpt":{"rendered":"<p>Set \u00e7ar\u00e7af\u00ebsh cil\u00ebsor p\u00ebr dhoma hoteli, n\u00eb p\u00ebrmasa t\u00eb ndryshme.<\/p>\n","protected":false},"featured_media":3292,"comment_status":"open","ping_status":"closed","template":"","meta":[],"product_brand":[],"product_cat":[79],"product_tag":[110],"class_list":{"0":"post-3280","1":"product","2":"type-product","3":"status-publish","4":"has-post-thumbnail","6":"product_cat-tekstile-per-hotel","7":"product_tag-set-carcafesh-model-te-ndryshem-tek-dhe-dopjo","9":"first","10":"instock","11":"featured","12":"shipping-taxable","13":"product-type-simple"},"_links":{"self":[{"href":"https:\/\/hoteldistrib.al\/index.php?rest_route=\/wp\/v2\/product\/3280","targetHints":{"allow":["GET"]}}],"collection":[{"href":"https:\/\/hoteldistrib.al\/index.php?rest_route=\/wp\/v2\/product"}],"about":[{"href":"https:\/\/hoteldistrib.al\/index.php?rest_route=\/wp\/v2\/types\/product"}],"replies":[{"embeddable":true,"href":"https:\/\/hoteldistrib.al\/index.php?rest_route=%2Fwp%2Fv2%2Fcomments&post=3280"}],"wp:featuredmedia":[{"embeddable":true,"href":"https:\/\/hoteldistrib.al\/index.php?rest_route=\/wp\/v2\/media\/3292"}],"wp:attachment":[{"href":"https:\/\/hoteldistrib.al\/index.php?rest_route=%2Fwp%2Fv2%2Fmedia&parent=3280"}],"wp:term":[{"taxonomy":"product_brand","embeddable":true,"href":"https:\/\/hoteldistrib.al\/index.php?rest_route=%2Fwp%2Fv2%2Fproduct_brand&post=3280"},{"taxonomy":"product_cat","embeddable":true,"href":"https:\/\/hoteldistrib.al\/index.php?rest_route=%2Fwp%2Fv2%2Fproduct_cat&post=3280"},{"taxonomy":"product_tag","embeddable":true,"href":"https:\/\/hoteldistrib.al\/index.php?rest_route=%2Fwp%2Fv2%2Fproduct_tag&post=3280"}],"curies":[{"name":"wp","href":"https:\/\/api.w.org\/{rel}","templated":true}]}}