{"id":3286,"date":"2025-01-05T12:23:00","date_gmt":"2025-01-05T12:23:00","guid":{"rendered":"https:\/\/hoteldistrib.al\/?post_type=product&#038;p=3286"},"modified":"2025-01-08T19:59:17","modified_gmt":"2025-01-08T19:59:17","slug":"mbajtese-kartopecetash","status":"publish","type":"product","link":"https:\/\/hoteldistrib.al\/?product=mbajtese-kartopecetash","title":{"rendered":"Mbajt\u00ebse kartopecetash"},"content":{"rendered":"<p>Mbajt\u00ebse praktike p\u00ebr kartopeceta, perfekte p\u00ebr dhoma hoteli.<\/p>\n","protected":false},"excerpt":{"rendered":"<p>Mbajt\u00ebse praktike p\u00ebr kartopeceta, perfekte p\u00ebr dhoma hoteli.<\/p>\n","protected":false},"featured_media":3315,"comment_status":"open","ping_status":"closed","template":"","meta":[],"product_brand":[],"product_cat":[79],"product_tag":[115],"class_list":{"0":"post-3286","1":"product","2":"type-product","3":"status-publish","4":"has-post-thumbnail","6":"product_cat-tekstile-per-hotel","7":"product_tag-mbajtese-kartopecetash","9":"first","10":"instock","11":"shipping-taxable","12":"product-type-simple"},"_links":{"self":[{"href":"https:\/\/hoteldistrib.al\/index.php?rest_route=\/wp\/v2\/product\/3286","targetHints":{"allow":["GET"]}}],"collection":[{"href":"https:\/\/hoteldistrib.al\/index.php?rest_route=\/wp\/v2\/product"}],"about":[{"href":"https:\/\/hoteldistrib.al\/index.php?rest_route=\/wp\/v2\/types\/product"}],"replies":[{"embeddable":true,"href":"https:\/\/hoteldistrib.al\/index.php?rest_route=%2Fwp%2Fv2%2Fcomments&post=3286"}],"wp:featuredmedia":[{"embeddable":true,"href":"https:\/\/hoteldistrib.al\/index.php?rest_route=\/wp\/v2\/media\/3315"}],"wp:attachment":[{"href":"https:\/\/hoteldistrib.al\/index.php?rest_route=%2Fwp%2Fv2%2Fmedia&parent=3286"}],"wp:term":[{"taxonomy":"product_brand","embeddable":true,"href":"https:\/\/hoteldistrib.al\/index.php?rest_route=%2Fwp%2Fv2%2Fproduct_brand&post=3286"},{"taxonomy":"product_cat","embeddable":true,"href":"https:\/\/hoteldistrib.al\/index.php?rest_route=%2Fwp%2Fv2%2Fproduct_cat&post=3286"},{"taxonomy":"product_tag","embeddable":true,"href":"https:\/\/hoteldistrib.al\/index.php?rest_route=%2Fwp%2Fv2%2Fproduct_tag&post=3286"}],"curies":[{"name":"wp","href":"https:\/\/api.w.org\/{rel}","templated":true}]}}